{"id":317,"date":"2022-10-18T10:15:29","date_gmt":"2022-10-18T08:15:29","guid":{"rendered":"https:\/\/www.saintetheresechalons.com\/?page_id=317"},"modified":"2025-09-11T10:49:58","modified_gmt":"2025-09-11T08:49:58","slug":"contact","status":"publish","type":"page","link":"https:\/\/www.saintetheresechalons.com\/index.php\/contact\/","title":{"rendered":"Contact"},"content":{"rendered":"\t\t<div data-elementor-type=\"wp-page\" data-elementor-id=\"317\" class=\"elementor elementor-317\">\n\t\t\t\t\t\t<section class=\"elementor-section elementor-top-section elementor-element elementor-element-7244a elementor-section-boxed elementor-section-height-default elementor-section-height-default\" data-id=\"7244a\" data-element_type=\"section\" data-e-type=\"section\">\n\t\t\t\t\t\t<div class=\"elementor-container elementor-column-gap-default\">\n\t\t\t\t\t<div class=\"elementor-column elementor-col-100 elementor-top-column elementor-element elementor-element-76b0f743\" data-id=\"76b0f743\" data-element_type=\"column\" data-e-type=\"column\">\n\t\t\t<div class=\"elementor-widget-wrap elementor-element-populated\">\n\t\t\t\t\t\t<div class=\"elementor-element elementor-element-9072343 elementor-widget elementor-widget-heading\" data-id=\"9072343\" data-element_type=\"widget\" data-e-type=\"widget\" data-widget_type=\"heading.default\">\n\t\t\t\t<div class=\"elementor-widget-container\">\n\t\t\t\t\t<h2 class=\"elementor-heading-title elementor-size-default\">La paroisse<\/h2>\t\t\t\t<\/div>\n\t\t\t\t<\/div>\n\t\t\t\t<div class=\"elementor-element elementor-element-6819bc51 elementor-widget elementor-widget-text-editor\" data-id=\"6819bc51\" data-element_type=\"widget\" data-e-type=\"widget\" data-widget_type=\"text-editor.default\">\n\t\t\t\t<div class=\"elementor-widget-container\">\n\t\t\t\t\t\t\t\t\t<p><strong>Adresse<\/strong>\u00a0:\u00a0<br \/><span style=\"color: var( --e-global-color-text ); font-family: var( --e-global-typography-text-font-family ), Sans-serif; font-weight: var( --e-global-typography-text-font-weight );\">Paroisse Sainte-Th\u00e9r\u00e8se<br \/><\/span><span style=\"color: var( --e-global-color-text ); font-family: var( --e-global-typography-text-font-family ), Sans-serif; font-weight: var( --e-global-typography-text-font-weight );\">140 avenue du g\u00e9n\u00e9ral de Gaulle<br \/><\/span><span style=\"color: var( --e-global-color-text ); font-family: var( --e-global-typography-text-font-family ), Sans-serif;\"><span style=\"font-weight: var( --e-global-typography-text-font-weight );\">51\u00a0000 CHALONS-en-CHAMPAGNE<br \/><\/span><br \/><\/span><strong style=\"color: var( --e-global-color-text ); font-family: var( --e-global-typography-text-font-family ), Sans-serif;\">T\u00e9l\u00e9phone<\/strong><span style=\"color: var( --e-global-color-text ); font-family: var( --e-global-typography-text-font-family ), Sans-serif;\"><span style=\"font-weight: var( --e-global-typography-text-font-weight );\">\u00a0: 03 26 68 16 96<br \/><\/span><br \/><\/span><strong style=\"color: var( --e-global-color-text ); font-family: var( --e-global-typography-text-font-family ), Sans-serif;\">Courriel<\/strong><span style=\"color: var( --e-global-color-text ); font-family: var( --e-global-typography-text-font-family ), Sans-serif; font-weight: var( --e-global-typography-text-font-weight );\">\u00a0:\u00a0 \u00a0\u00a0<\/span><a style=\"font-family: var( --e-global-typography-text-font-family ), Sans-serif; font-weight: var( --e-global-typography-text-font-weight );\" href=\"mailto:paroisse.stetherese140@orange.fr\">paroisse.saintetetherese@chalons.catholique.fr<\/a><\/p>\n<p><span style=\"color: var( --e-global-color-text ); font-family: var( --e-global-typography-text-font-family ), Sans-serif;\"><b>Permanence d\u2019accueil\u00a0\u00e0 la maison paroissiale :\u00a0<br \/><\/b><\/span><span style=\"color: var( --e-global-color-text ); font-family: var( --e-global-typography-text-font-family ), Sans-serif; font-weight: var( --e-global-typography-text-font-weight );\">Le mardi et le jeudi de 16h \u00e0 18h\u00a0<br \/><\/span><span style=\"color: var( --e-global-color-text ); font-family: var( --e-global-typography-text-font-family ), Sans-serif; font-weight: var( --e-global-typography-text-font-weight );\">Ou sur rendez-vous.<\/span><\/p>\n<p><!-- \/wp:paragraph --><\/p>\n<p><!-- wp:paragraph --><\/p>\n<p><!-- \/wp:paragraph --><\/p>\n<p><!-- wp:paragraph --><\/p>\n<p><!-- \/wp:paragraph --><\/p>\t\t\t\t\t\t\t\t<\/div>\n\t\t\t\t<\/div>\n\t\t\t\t<section class=\"elementor-section elementor-inner-section elementor-element elementor-element-2fb4e08 elementor-section-boxed elementor-section-height-default elementor-section-height-default\" data-id=\"2fb4e08\" data-element_type=\"section\" data-e-type=\"section\">\n\t\t\t\t\t\t<div class=\"elementor-container elementor-column-gap-default\">\n\t\t\t\t\t<div class=\"elementor-column elementor-col-100 elementor-inner-column elementor-element elementor-element-5cbb01f\" data-id=\"5cbb01f\" data-element_type=\"column\" data-e-type=\"column\">\n\t\t\t<div class=\"elementor-widget-wrap elementor-element-populated\">\n\t\t\t\t\t\t<div class=\"elementor-element elementor-element-4b7e8b4 elementor-widget elementor-widget-heading\" data-id=\"4b7e8b4\" data-element_type=\"widget\" data-e-type=\"widget\" data-widget_type=\"heading.default\">\n\t\t\t\t<div class=\"elementor-widget-container\">\n\t\t\t\t\t<h2 class=\"elementor-heading-title elementor-size-default\">Les pr\u00eatres :<\/h2>\t\t\t\t<\/div>\n\t\t\t\t<\/div>\n\t\t\t\t<div class=\"elementor-element elementor-element-1fff831 elementor-widget elementor-widget-text-editor\" data-id=\"1fff831\" data-element_type=\"widget\" data-e-type=\"widget\" data-widget_type=\"text-editor.default\">\n\t\t\t\t<div class=\"elementor-widget-container\">\n\t\t\t\t\t\t\t\t\t<p><strong>Don Geoffroy BOHINEUST<\/strong>\u00a0(cur\u00e9)<span style=\"color: var( --e-global-color-text ); font-family: var( --e-global-typography-text-font-family ), Sans-serif; font-weight: var( --e-global-typography-text-font-weight );\">\u00a0 06 19 04 32 09<br \/><strong>Don Philippe DE NORTBECOURT <\/strong>(vicaire)<br \/><br \/><\/span><\/p>\t\t\t\t\t\t\t\t<\/div>\n\t\t\t\t<\/div>\n\t\t\t\t\t<\/div>\n\t\t<\/div>\n\t\t\t\t\t<\/div>\n\t\t<\/section>\n\t\t\t\t<div class=\"elementor-element elementor-element-69a9014 elementor-widget elementor-widget-google_maps\" data-id=\"69a9014\" data-element_type=\"widget\" data-e-type=\"widget\" data-widget_type=\"google_maps.default\">\n\t\t\t\t<div class=\"elementor-widget-container\">\n\t\t\t\t\t\t\t<div class=\"elementor-custom-embed\">\n\t\t\t<iframe loading=\"lazy\"\n\t\t\t\t\tsrc=\"https:\/\/maps.google.com\/maps?q=Paroisse%20Sainte-Th%C3%A9r%C3%A8se%20140%20avenue%20du%20g%C3%A9n%C3%A9ral%20de%20Gaulle%2051%20000%20CHALONS-en-CHAMPAGNE&#038;t=m&#038;z=10&#038;output=embed&#038;iwloc=near\"\n\t\t\t\t\ttitle=\"Paroisse Sainte-Th\u00e9r\u00e8se 140 avenue du g\u00e9n\u00e9ral de Gaulle 51 000 CHALONS-en-CHAMPAGNE\"\n\t\t\t\t\taria-label=\"Paroisse Sainte-Th\u00e9r\u00e8se 140 avenue du g\u00e9n\u00e9ral de Gaulle 51 000 CHALONS-en-CHAMPAGNE\"\n\t\t\t><\/iframe>\n\t\t<\/div>\n\t\t\t\t\t\t<\/div>\n\t\t\t\t<\/div>\n\t\t\t\t\t<\/div>\n\t\t<\/div>\n\t\t\t\t\t<\/div>\n\t\t<\/section>\n\t\t\t\t<\/div>\n\t\t","protected":false},"excerpt":{"rendered":"<p>La paroisse Adresse\u00a0:\u00a0Paroisse Sainte-Th\u00e9r\u00e8se140 avenue du g\u00e9n\u00e9ral de Gaulle51\u00a0000 CHALONS-en-CHAMPAGNE T\u00e9l\u00e9phone\u00a0: 03 26 68 16 96 Courriel\u00a0:\u00a0 \u00a0\u00a0paroisse.saintetetherese@chalons.catholique.fr Permanence d\u2019accueil\u00a0\u00e0 la maison paroissiale :\u00a0Le mardi et le jeudi de 16h &#8230; <span class=\"more\"><a class=\"more-link\" href=\"https:\/\/www.saintetheresechalons.com\/index.php\/contact\/\">[Read more&#8230;]<\/a><\/span><\/p>\n","protected":false},"author":4,"featured_media":0,"parent":0,"menu_order":0,"comment_status":"closed","ping_status":"closed","template":"","meta":{"footnotes":""},"class_list":["entry","page","publish","author-markholds","post-317"],"yoast_head":"<!-- This site is optimized with the Yoast SEO plugin v27.4 - https:\/\/yoast.com\/product\/yoast-seo-wordpress\/ -->\n<title>Contact - Paroisse Sainte-Th\u00e9r\u00e8se<\/title>\n<meta name=\"robots\" content=\"index, follow, max-snippet:-1, max-image-preview:large, max-video-preview:-1\" \/>\n<link rel=\"canonical\" href=\"https:\/\/www.saintetheresechalons.com\/index.php\/contact\/\" \/>\n<meta property=\"og:locale\" content=\"fr_FR\" \/>\n<meta property=\"og:type\" content=\"article\" \/>\n<meta property=\"og:title\" content=\"Contact - Paroisse Sainte-Th\u00e9r\u00e8se\" \/>\n<meta property=\"og:description\" content=\"La paroisse Adresse\u00a0:\u00a0Paroisse Sainte-Th\u00e9r\u00e8se140 avenue du g\u00e9n\u00e9ral de Gaulle51\u00a0000 CHALONS-en-CHAMPAGNE T\u00e9l\u00e9phone\u00a0: 03 26 68 16 96 Courriel\u00a0:\u00a0 \u00a0\u00a0paroisse.saintetetherese@chalons.catholique.fr Permanence d\u2019accueil\u00a0\u00e0 la maison paroissiale :\u00a0Le mardi et le jeudi de 16h ... [Read more...]\" \/>\n<meta property=\"og:url\" content=\"https:\/\/www.saintetheresechalons.com\/index.php\/contact\/\" \/>\n<meta property=\"og:site_name\" content=\"Paroisse Sainte-Th\u00e9r\u00e8se\" \/>\n<meta property=\"article:modified_time\" content=\"2025-09-11T08:49:58+00:00\" \/>\n<meta name=\"twitter:card\" content=\"summary_large_image\" \/>\n<meta name=\"twitter:label1\" content=\"Dur\u00e9e de lecture estim\u00e9e\" \/>\n\t<meta name=\"twitter:data1\" content=\"1 minute\" \/>\n<script type=\"application\/ld+json\" class=\"yoast-schema-graph\">{\"@context\":\"https:\\\/\\\/schema.org\",\"@graph\":[{\"@type\":\"WebPage\",\"@id\":\"https:\\\/\\\/www.saintetheresechalons.com\\\/index.php\\\/contact\\\/\",\"url\":\"https:\\\/\\\/www.saintetheresechalons.com\\\/index.php\\\/contact\\\/\",\"name\":\"Contact - Paroisse Sainte-Th\u00e9r\u00e8se\",\"isPartOf\":{\"@id\":\"https:\\\/\\\/www.saintetheresechalons.com\\\/#website\"},\"datePublished\":\"2022-10-18T08:15:29+00:00\",\"dateModified\":\"2025-09-11T08:49:58+00:00\",\"breadcrumb\":{\"@id\":\"https:\\\/\\\/www.saintetheresechalons.com\\\/index.php\\\/contact\\\/#breadcrumb\"},\"inLanguage\":\"fr-FR\",\"potentialAction\":[{\"@type\":\"ReadAction\",\"target\":[\"https:\\\/\\\/www.saintetheresechalons.com\\\/index.php\\\/contact\\\/\"]}]},{\"@type\":\"BreadcrumbList\",\"@id\":\"https:\\\/\\\/www.saintetheresechalons.com\\\/index.php\\\/contact\\\/#breadcrumb\",\"itemListElement\":[{\"@type\":\"ListItem\",\"position\":1,\"name\":\"Accueil\",\"item\":\"https:\\\/\\\/www.saintetheresechalons.com\\\/\"},{\"@type\":\"ListItem\",\"position\":2,\"name\":\"Contact\"}]},{\"@type\":\"WebSite\",\"@id\":\"https:\\\/\\\/www.saintetheresechalons.com\\\/#website\",\"url\":\"https:\\\/\\\/www.saintetheresechalons.com\\\/\",\"name\":\"Paroisse Sainte-Th\u00e9r\u00e8se\",\"description\":\"Eglise catholique \u00e0 Ch\u00e2lons-En-Champagne\",\"potentialAction\":[{\"@type\":\"SearchAction\",\"target\":{\"@type\":\"EntryPoint\",\"urlTemplate\":\"https:\\\/\\\/www.saintetheresechalons.com\\\/?s={search_term_string}\"},\"query-input\":{\"@type\":\"PropertyValueSpecification\",\"valueRequired\":true,\"valueName\":\"search_term_string\"}}],\"inLanguage\":\"fr-FR\"}]}<\/script>\n<!-- \/ Yoast SEO plugin. -->","yoast_head_json":{"title":"Contact - Paroisse Sainte-Th\u00e9r\u00e8se","robots":{"index":"index","follow":"follow","max-snippet":"max-snippet:-1","max-image-preview":"max-image-preview:large","max-video-preview":"max-video-preview:-1"},"canonical":"https:\/\/www.saintetheresechalons.com\/index.php\/contact\/","og_locale":"fr_FR","og_type":"article","og_title":"Contact - Paroisse Sainte-Th\u00e9r\u00e8se","og_description":"La paroisse Adresse\u00a0:\u00a0Paroisse Sainte-Th\u00e9r\u00e8se140 avenue du g\u00e9n\u00e9ral de Gaulle51\u00a0000 CHALONS-en-CHAMPAGNE T\u00e9l\u00e9phone\u00a0: 03 26 68 16 96 Courriel\u00a0:\u00a0 \u00a0\u00a0paroisse.saintetetherese@chalons.catholique.fr Permanence d\u2019accueil\u00a0\u00e0 la maison paroissiale :\u00a0Le mardi et le jeudi de 16h ... [Read more...]","og_url":"https:\/\/www.saintetheresechalons.com\/index.php\/contact\/","og_site_name":"Paroisse Sainte-Th\u00e9r\u00e8se","article_modified_time":"2025-09-11T08:49:58+00:00","twitter_card":"summary_large_image","twitter_misc":{"Dur\u00e9e de lecture estim\u00e9e":"1 minute"},"schema":{"@context":"https:\/\/schema.org","@graph":[{"@type":"WebPage","@id":"https:\/\/www.saintetheresechalons.com\/index.php\/contact\/","url":"https:\/\/www.saintetheresechalons.com\/index.php\/contact\/","name":"Contact - Paroisse Sainte-Th\u00e9r\u00e8se","isPartOf":{"@id":"https:\/\/www.saintetheresechalons.com\/#website"},"datePublished":"2022-10-18T08:15:29+00:00","dateModified":"2025-09-11T08:49:58+00:00","breadcrumb":{"@id":"https:\/\/www.saintetheresechalons.com\/index.php\/contact\/#breadcrumb"},"inLanguage":"fr-FR","potentialAction":[{"@type":"ReadAction","target":["https:\/\/www.saintetheresechalons.com\/index.php\/contact\/"]}]},{"@type":"BreadcrumbList","@id":"https:\/\/www.saintetheresechalons.com\/index.php\/contact\/#breadcrumb","itemListElement":[{"@type":"ListItem","position":1,"name":"Accueil","item":"https:\/\/www.saintetheresechalons.com\/"},{"@type":"ListItem","position":2,"name":"Contact"}]},{"@type":"WebSite","@id":"https:\/\/www.saintetheresechalons.com\/#website","url":"https:\/\/www.saintetheresechalons.com\/","name":"Paroisse Sainte-Th\u00e9r\u00e8se","description":"Eglise catholique \u00e0 Ch\u00e2lons-En-Champagne","potentialAction":[{"@type":"SearchAction","target":{"@type":"EntryPoint","urlTemplate":"https:\/\/www.saintetheresechalons.com\/?s={search_term_string}"},"query-input":{"@type":"PropertyValueSpecification","valueRequired":true,"valueName":"search_term_string"}}],"inLanguage":"fr-FR"}]}},"_links":{"self":[{"href":"https:\/\/www.saintetheresechalons.com\/index.php\/wp-json\/wp\/v2\/pages\/317","targetHints":{"allow":["GET"]}}],"collection":[{"href":"https:\/\/www.saintetheresechalons.com\/index.php\/wp-json\/wp\/v2\/pages"}],"about":[{"href":"https:\/\/www.saintetheresechalons.com\/index.php\/wp-json\/wp\/v2\/types\/page"}],"author":[{"embeddable":true,"href":"https:\/\/www.saintetheresechalons.com\/index.php\/wp-json\/wp\/v2\/users\/4"}],"replies":[{"embeddable":true,"href":"https:\/\/www.saintetheresechalons.com\/index.php\/wp-json\/wp\/v2\/comments?post=317"}],"version-history":[{"count":26,"href":"https:\/\/www.saintetheresechalons.com\/index.php\/wp-json\/wp\/v2\/pages\/317\/revisions"}],"predecessor-version":[{"id":1163,"href":"https:\/\/www.saintetheresechalons.com\/index.php\/wp-json\/wp\/v2\/pages\/317\/revisions\/1163"}],"wp:attachment":[{"href":"https:\/\/www.saintetheresechalons.com\/index.php\/wp-json\/wp\/v2\/media?parent=317"}],"curies":[{"name":"wp","href":"https:\/\/api.w.org\/{rel}","templated":true}]}}