{"id":938,"date":"2024-09-25T15:38:43","date_gmt":"2024-09-25T13:38:43","guid":{"rendered":"https:\/\/www.saintetheresechalons.com\/?page_id=938"},"modified":"2024-09-25T15:55:31","modified_gmt":"2024-09-25T13:55:31","slug":"liturgie-des-heures","status":"publish","type":"page","link":"https:\/\/www.saintetheresechalons.com\/index.php\/liturgie-des-heures\/","title":{"rendered":"Liturgie des heures"},"content":{"rendered":"\t\t<div data-elementor-type=\"wp-page\" data-elementor-id=\"938\" class=\"elementor elementor-938\">\n\t\t\t\t\t\t<section class=\"elementor-section elementor-top-section elementor-element elementor-element-1c3aaefe elementor-section-boxed elementor-section-height-default elementor-section-height-default\" data-id=\"1c3aaefe\" data-element_type=\"section\" data-e-type=\"section\">\n\t\t\t\t\t\t<div class=\"elementor-container elementor-column-gap-default\">\n\t\t\t\t\t<div class=\"elementor-column elementor-col-100 elementor-top-column elementor-element elementor-element-5e7ee341\" data-id=\"5e7ee341\" data-element_type=\"column\" data-e-type=\"column\">\n\t\t\t<div class=\"elementor-widget-wrap elementor-element-populated\">\n\t\t\t\t\t\t<div class=\"elementor-element elementor-element-85d1633 elementor-widget elementor-widget-text-editor\" data-id=\"85d1633\" data-element_type=\"widget\" data-e-type=\"widget\" data-widget_type=\"text-editor.default\">\n\t\t\t\t<div class=\"elementor-widget-container\">\n\t\t\t\t\t\t\t\t\t<p><\/p>\n<p>S<b>\u0153urs de l&rsquo;annonciation de Bobo (Saint-Memmie)<\/b><\/p>\n<ul>\n<li>Laudes du mardi au samedi \u00e0 7h30<\/li>\n<li>\nOffice du milieu du jour 12h15<\/li>\n<li>\nV\u00eapres apr\u00e8s les Messes, vers 18h30<\/li>\n<li>\nComplies du mardi au dimanche \u00e0 21h<\/li>\n<\/ul>\n<p>C<b>ommunaut\u00e9 Saint-Martin (Notre-Dame-en-Vaux)<\/b><\/p>\n<ul>\n<li>Laudes du mardi au samedi \u00e0 8h, le dimanche \u00e0 7h15<\/li>\n<li>V\u00eapres mardi et mercredi \u00e0 19h05, le dimanche \u00e0 18h<\/li>\n<\/ul>\n<div><b>B\u00e9n\u00e9dictines du Sacr\u00e9-Coeur (Notre-Dame de l&rsquo;Epine)<\/b><br><\/div>\n<br><ul><li>Office des lectures et laudes du mardi au samedi \u00e0 7h30, laudes le dimanche \u00e0 8h<\/li><li>\nOffice du milieu du jour \u00e0 12h<\/li><li>V\u00eapres du mardi au samedi \u00e0 17h, le dimanche \u00e0 16h<\/li><li>Complies du mardi au samedi \u00e0 21h, le dimanche \u00e0 20h30<\/li><\/ul>\n<p><\/p>\t\t\t\t\t\t\t\t<\/div>\n\t\t\t\t<\/div>\n\t\t\t\t\t<\/div>\n\t\t<\/div>\n\t\t\t\t\t<\/div>\n\t\t<\/section>\n\t\t\t\t<\/div>\n\t\t","protected":false},"excerpt":{"rendered":"<p>S\u0153urs de l&rsquo;annonciation de Bobo (Saint-Memmie) Laudes du mardi au samedi \u00e0 7h30 Office du milieu du jour 12h15 V\u00eapres apr\u00e8s les Messes, vers 18h30 Complies du mardi au dimanche &#8230; <span class=\"more\"><a class=\"more-link\" href=\"https:\/\/www.saintetheresechalons.com\/index.php\/liturgie-des-heures\/\">[Read more&#8230;]<\/a><\/span><\/p>\n","protected":false},"author":4,"featured_media":0,"parent":0,"menu_order":0,"comment_status":"closed","ping_status":"closed","template":"","meta":{"footnotes":""},"class_list":["entry","page","publish","author-markholds","post-938"],"yoast_head":"<!-- This site is optimized with the Yoast SEO plugin v27.4 - https:\/\/yoast.com\/product\/yoast-seo-wordpress\/ -->\n<title>Liturgie des heures - Paroisse Sainte-Th\u00e9r\u00e8se<\/title>\n<meta name=\"robots\" content=\"index, follow, max-snippet:-1, max-image-preview:large, max-video-preview:-1\" \/>\n<link rel=\"canonical\" href=\"https:\/\/www.saintetheresechalons.com\/index.php\/liturgie-des-heures\/\" \/>\n<meta property=\"og:locale\" content=\"fr_FR\" \/>\n<meta property=\"og:type\" content=\"article\" \/>\n<meta property=\"og:title\" content=\"Liturgie des heures - Paroisse Sainte-Th\u00e9r\u00e8se\" \/>\n<meta property=\"og:description\" content=\"S\u0153urs de l&rsquo;annonciation de Bobo (Saint-Memmie) Laudes du mardi au samedi \u00e0 7h30 Office du milieu du jour 12h15 V\u00eapres apr\u00e8s les Messes, vers 18h30 Complies du mardi au dimanche ... [Read more...]\" \/>\n<meta property=\"og:url\" content=\"https:\/\/www.saintetheresechalons.com\/index.php\/liturgie-des-heures\/\" \/>\n<meta property=\"og:site_name\" content=\"Paroisse Sainte-Th\u00e9r\u00e8se\" \/>\n<meta property=\"article:modified_time\" content=\"2024-09-25T13:55:31+00:00\" \/>\n<meta name=\"twitter:card\" content=\"summary_large_image\" \/>\n<meta name=\"twitter:label1\" content=\"Dur\u00e9e de lecture estim\u00e9e\" \/>\n\t<meta name=\"twitter:data1\" content=\"1 minute\" \/>\n<script type=\"application\/ld+json\" class=\"yoast-schema-graph\">{\"@context\":\"https:\\\/\\\/schema.org\",\"@graph\":[{\"@type\":\"WebPage\",\"@id\":\"https:\\\/\\\/www.saintetheresechalons.com\\\/index.php\\\/liturgie-des-heures\\\/\",\"url\":\"https:\\\/\\\/www.saintetheresechalons.com\\\/index.php\\\/liturgie-des-heures\\\/\",\"name\":\"Liturgie des heures - Paroisse Sainte-Th\u00e9r\u00e8se\",\"isPartOf\":{\"@id\":\"https:\\\/\\\/www.saintetheresechalons.com\\\/#website\"},\"datePublished\":\"2024-09-25T13:38:43+00:00\",\"dateModified\":\"2024-09-25T13:55:31+00:00\",\"breadcrumb\":{\"@id\":\"https:\\\/\\\/www.saintetheresechalons.com\\\/index.php\\\/liturgie-des-heures\\\/#breadcrumb\"},\"inLanguage\":\"fr-FR\",\"potentialAction\":[{\"@type\":\"ReadAction\",\"target\":[\"https:\\\/\\\/www.saintetheresechalons.com\\\/index.php\\\/liturgie-des-heures\\\/\"]}]},{\"@type\":\"BreadcrumbList\",\"@id\":\"https:\\\/\\\/www.saintetheresechalons.com\\\/index.php\\\/liturgie-des-heures\\\/#breadcrumb\",\"itemListElement\":[{\"@type\":\"ListItem\",\"position\":1,\"name\":\"Accueil\",\"item\":\"https:\\\/\\\/www.saintetheresechalons.com\\\/\"},{\"@type\":\"ListItem\",\"position\":2,\"name\":\"Liturgie des heures\"}]},{\"@type\":\"WebSite\",\"@id\":\"https:\\\/\\\/www.saintetheresechalons.com\\\/#website\",\"url\":\"https:\\\/\\\/www.saintetheresechalons.com\\\/\",\"name\":\"Paroisse Sainte-Th\u00e9r\u00e8se\",\"description\":\"Eglise catholique \u00e0 Ch\u00e2lons-En-Champagne\",\"potentialAction\":[{\"@type\":\"SearchAction\",\"target\":{\"@type\":\"EntryPoint\",\"urlTemplate\":\"https:\\\/\\\/www.saintetheresechalons.com\\\/?s={search_term_string}\"},\"query-input\":{\"@type\":\"PropertyValueSpecification\",\"valueRequired\":true,\"valueName\":\"search_term_string\"}}],\"inLanguage\":\"fr-FR\"}]}<\/script>\n<!-- \/ Yoast SEO plugin. -->","yoast_head_json":{"title":"Liturgie des heures - Paroisse Sainte-Th\u00e9r\u00e8se","robots":{"index":"index","follow":"follow","max-snippet":"max-snippet:-1","max-image-preview":"max-image-preview:large","max-video-preview":"max-video-preview:-1"},"canonical":"https:\/\/www.saintetheresechalons.com\/index.php\/liturgie-des-heures\/","og_locale":"fr_FR","og_type":"article","og_title":"Liturgie des heures - Paroisse Sainte-Th\u00e9r\u00e8se","og_description":"S\u0153urs de l&rsquo;annonciation de Bobo (Saint-Memmie) Laudes du mardi au samedi \u00e0 7h30 Office du milieu du jour 12h15 V\u00eapres apr\u00e8s les Messes, vers 18h30 Complies du mardi au dimanche ... [Read more...]","og_url":"https:\/\/www.saintetheresechalons.com\/index.php\/liturgie-des-heures\/","og_site_name":"Paroisse Sainte-Th\u00e9r\u00e8se","article_modified_time":"2024-09-25T13:55:31+00:00","twitter_card":"summary_large_image","twitter_misc":{"Dur\u00e9e de lecture estim\u00e9e":"1 minute"},"schema":{"@context":"https:\/\/schema.org","@graph":[{"@type":"WebPage","@id":"https:\/\/www.saintetheresechalons.com\/index.php\/liturgie-des-heures\/","url":"https:\/\/www.saintetheresechalons.com\/index.php\/liturgie-des-heures\/","name":"Liturgie des heures - Paroisse Sainte-Th\u00e9r\u00e8se","isPartOf":{"@id":"https:\/\/www.saintetheresechalons.com\/#website"},"datePublished":"2024-09-25T13:38:43+00:00","dateModified":"2024-09-25T13:55:31+00:00","breadcrumb":{"@id":"https:\/\/www.saintetheresechalons.com\/index.php\/liturgie-des-heures\/#breadcrumb"},"inLanguage":"fr-FR","potentialAction":[{"@type":"ReadAction","target":["https:\/\/www.saintetheresechalons.com\/index.php\/liturgie-des-heures\/"]}]},{"@type":"BreadcrumbList","@id":"https:\/\/www.saintetheresechalons.com\/index.php\/liturgie-des-heures\/#breadcrumb","itemListElement":[{"@type":"ListItem","position":1,"name":"Accueil","item":"https:\/\/www.saintetheresechalons.com\/"},{"@type":"ListItem","position":2,"name":"Liturgie des heures"}]},{"@type":"WebSite","@id":"https:\/\/www.saintetheresechalons.com\/#website","url":"https:\/\/www.saintetheresechalons.com\/","name":"Paroisse Sainte-Th\u00e9r\u00e8se","description":"Eglise catholique \u00e0 Ch\u00e2lons-En-Champagne","potentialAction":[{"@type":"SearchAction","target":{"@type":"EntryPoint","urlTemplate":"https:\/\/www.saintetheresechalons.com\/?s={search_term_string}"},"query-input":{"@type":"PropertyValueSpecification","valueRequired":true,"valueName":"search_term_string"}}],"inLanguage":"fr-FR"}]}},"_links":{"self":[{"href":"https:\/\/www.saintetheresechalons.com\/index.php\/wp-json\/wp\/v2\/pages\/938","targetHints":{"allow":["GET"]}}],"collection":[{"href":"https:\/\/www.saintetheresechalons.com\/index.php\/wp-json\/wp\/v2\/pages"}],"about":[{"href":"https:\/\/www.saintetheresechalons.com\/index.php\/wp-json\/wp\/v2\/types\/page"}],"author":[{"embeddable":true,"href":"https:\/\/www.saintetheresechalons.com\/index.php\/wp-json\/wp\/v2\/users\/4"}],"replies":[{"embeddable":true,"href":"https:\/\/www.saintetheresechalons.com\/index.php\/wp-json\/wp\/v2\/comments?post=938"}],"version-history":[{"count":3,"href":"https:\/\/www.saintetheresechalons.com\/index.php\/wp-json\/wp\/v2\/pages\/938\/revisions"}],"predecessor-version":[{"id":941,"href":"https:\/\/www.saintetheresechalons.com\/index.php\/wp-json\/wp\/v2\/pages\/938\/revisions\/941"}],"wp:attachment":[{"href":"https:\/\/www.saintetheresechalons.com\/index.php\/wp-json\/wp\/v2\/media?parent=938"}],"curies":[{"name":"wp","href":"https:\/\/api.w.org\/{rel}","templated":true}]}}